ctors of n.
5, 37
Suppose 0 = -f - 3*g - 17, 5*f - g = g - 34. What are the prime factors of (f/(-6))/(5/((-1890)/(-12)))?
2, 3, 7
Let m = 476 - -1630. List the prime factors of m.
2, 3, 13
Let h(m) = -208*m - 83. Let u(f) = 208*f + 82. Let k(a) = -6*h(a) - 5*u(a). List the prime factors of k(6).
2, 167
Let y(u) = -47*u**3 + 30*u**2 - 8*u - 1. Let q be y(-13). Suppose -q = -39*c - 15*c. List the prime factors of c.
2, 251
Suppose 2*l = 3*o + 29623, 38*l - o - 14807 = 37*l. List the prime factors of l.
2, 7, 151
Let a = 1489 + -1051. Suppose 0 = 22*u - a - 4336. What are the prime factors of u?
7, 31
Let b = 8236 + -213. List the prime factors of b.
71, 113
Suppose 93 = 26*a - 89. Suppose 3*z - 733 = 4*l, -a*l + 8*l - 1009 = -4*z. What are the prime factors of z?
251
Let z(d) = 78*d**2 + 45*d - 383. List the prime factors of z(10).
7867
Let f(c) be the third derivative of c**5/60 - c**4/3 - 55*c**3/6 + 8*c**2. Let i be f(26). Suppose 2*y = 0, -2*t + 27 = -2*y - i. List the prime factors of t.
2, 5, 11
Suppose 246790 = 15*l + 24*l - 16*l. List the prime factors of l.
2, 5, 29, 37
Suppose 6*i = 27 - 3. Suppose 5*y - 967 = -5*g + 2683, 0 = i*y - 20. Suppose -g = -4*c - 237. What are the prime factors of c?
2, 61
Let l = 12943 - 569. What are the prime factors of l?
2, 23, 269
Suppose -132 = -14*d + 274. Suppose -27*z + d*z - 574 = -2*k, -4*k + 3*z + 1155 = 0. What are the prime factors of k?
2, 3
Let c = -16 - -16. Let s be (99 + 4)*(1 + c). Suppose 0*j + s = 3*t - 4*j, 4*t = -2*j + 152. What are the prime factors of t?
37
List the prime factors of (1/(-8)*-6)/(3 - (-16135)/(-5380)).
3, 269
Let m(v) = 31*v + 91. Let c(n) = 2*n**2 - 63*n + 54. Let f be c(31). What are the prime factors of m(f)?
2, 3, 67
Let p = -115577 - -165078. List the prime factors of 2 + 14/(-8) - p/(-236).
2, 3, 5, 7
Let a(g) = g**2 - 9*g - 22. Let s be a(15). Let r = -95 + s. List the prime factors of (r/(-30) - 1/2)*325.
2, 5, 13
Suppose -3*j + 1353 = 3*m, 5*j = 4*m - 2*m - 874. Let q = 51 + m. List the prime factors of q.
2, 3, 83
Suppose 3*w + 22 = p - 14, 3*w - 3*p + 42 = 0. Let n be (w + 12)*(-2 + 4*-4). Let o(h) = -9*h + 23. What are the prime factors of o(n)?
5, 37
Let n be (288/14)/(-6)*-56. Suppose -2*u = 5*y - n, 4*u + 0*u - 398 = -3*y. List the prime factors of u.
101
Let t(a) = -3*a - 4. Let b be t(-4). Let s = -1381 - -1591. Suppose -5*o = 5*k - s, -2*k = b*o - 3*o - 69. What are the prime factors of k?
47
Suppose 3*c - 140 = -2*v, 9*c - 80 = 7*c + 2*v. Suppose 4*k + 4*f - 320 = 0, 2*f - 123 = -k - c. List the prime factors of k.
3
Let f = 16125 - 11434. What are the prime factors of f?
4691
Let f(k) = 785*k**2 + 16*k + 120. What are the prime factors of f(9)?
3, 21283
Suppose -165*p = -167*p + 188. Suppose -2*k + 82 = p. What are the prime factors of (k + 972/63)/(1/7)?
2, 3, 11
Let s be (0 + 4/6)/(142/(-1065)). What are the prime factors of (6/s)/(25938/5190 + -5)?
3, 173
Suppose m - 18*i - 8095 = -23*i, 56369 = 7*m - 2*i. List the prime factors of m.
3, 5, 179
Suppose -300*z + 163*z - 582630 = -167*z. List the prime factors of z.
19421
Let a(n) = 333 - 4*n**2 + 10*n**2 - 173 + 16*n + 2*n**2. List the prime factors of a(-9).
2, 83
Let c = 558 + -154. Suppose q - c = 2*a, -a + 1184 = q + 2*q. Suppose -b = 3*b - q. List the prime factors of b.
3, 11
Suppose 0 = 19*o + 6*o - 60425. Suppose 14*i = o + 8083. What are the prime factors of i?
2, 3, 5
Let m(z) = -z**3 + 16*z**2 + 17*z + 4. Let s be m(17). Let p(d) = 230*d - 42. List the prime factors of p(s).
2, 439
Let x(m) = -15*m**2 + 31*m + 15. Let h(r) = -7*r**2 + 15*r + 7. Let f = -37 - -43. Let i(z) = f*x(z) - 13*h(z). List the prime factors of i(10).
3
Suppose -67*g - 210 = -70*g. List the prime factors of (g/7)/((-3)/(-63)).
2, 3, 5, 7
Let r(w) = -2*w**3 + 3*w**2 - 3*w - 6. List the prime factors of r(-11).
2, 7, 109
Let q be (-32)/(-6) - (-1)/(-3). Suppose -5*a + q = 5*v, -3*a + 3 = -4*v - 0*a. Suppose v*f - 8*f + 592 = 0. List the prime factors of f.
2, 37
List the prime factors of (-72)/((-4)/2288*8).
2, 3, 11, 13
Suppose 779 = o + 4*u, 2*o + 3*u - 2301 = -o. Suppose 25*i + o = 13388. List the prime factors of i.
5, 101
Let p be ((-45)/(-24) - 2) + 930/16. Suppose -2*q + 358 - p = 0. Suppose 51 - q = -3*w. What are the prime factors of w?
3, 11
Suppose -525759 = -40*a - 60*a - 83*a. List the prime factors of a.
13, 17
Let d(y) = 10420*y - 253. List the prime factors of d(2).
7, 17, 173
Let l = -225 + 229. Suppose 3*c = 3*g + 8*c - 726, 2*g - 486 = -l*c. What are the prime factors of g?
3, 79
Suppose 13*d - 8 = 15*d, 3*i - 476 = -d. List the prime factors of i.
2, 5
Suppose 19*t = 179*t - 5639040. What are the prime factors of t?
2, 3, 11, 89
Suppose -15212 = 49*z - 578384 - 31639. What are the prime factors of z?
61, 199
Suppose 19*g = 11*g - 928. Let l = g + 108. Let j(n) = -11*n + 60. What are the prime factors of j(l)?
2, 37
Let c(h) = -106*h + 44. Let a(d) = -1. Let q(m) = 5*a(m) + c(m). List the prime factors of q(-7).
11, 71
Let o be (3/(-2))/(20/(-8) + 2). Suppose -5*c + 3*c + 6 = -2*t, 2*c - o*t - 1 = 0. Suppose c*j + 11 = 187. What are the prime factors of j?
2, 11
Let c(b) = b**3 - 6*b**2 - 6*b - 4. Let w be c(7). Suppose -p = -w - 87. Suppose -4*o + p = -242. List the prime factors of o.
83
Let f be 5/((-110)/(-6736)) + 42/(-231). Suppose -14*g + f = -11*g. List the prime factors of g.
2, 3, 17
Suppose -17*g + 18*g = -3, 0 = -3*u + 5*g + 13893. What are the prime factors of u?
2, 3, 257
Let o(d) be the third derivative of -155*d**4/12 - 31*d**3/6 - 3*d**2 + 22. List the prime factors of o(-3).
29, 31
Let u = -46887 + 12181. What are the prime factors of 1*2*u/(-134)?
2, 7, 37
Let c = 49 - 71. Let n = -23 - c. What are the prime factors of (10 - -3) + (n/(-1) - 2)?
2, 3
Let z = 331 + -22. What are the prime factors of -6*z*4/(-18)?
2, 103
Suppose -2*f - 2*h + 4748 = 0, 12*f = 11*f + h + 2376. List the prime factors of f.
5, 19
Let v = -24 - -22. Let t = 2 + v. Suppose 4*a = t, 3*w + 3*a = -0*a + 312. List the prime factors of w.
2, 13
Let i(v) = 36*v**2 - 41*v + 394. What are the prime factors of i(9)?
17, 173
Let o(u) = 6*u + 2. Let t be o(0). Suppose -t*h - 6 = 0, -3*c + 713 = 2*h + 62. What are the prime factors of c?
3, 73
Suppose 6*v - 15 + 3 = 0. What are the prime factors of (-1)/v - (-663)/2?
331
Let f = 41505 + -19121. List the prime factors of f.
2, 1399
Let o be (-25)/10*(6 - (1 + 3)). Let h(z) = -62*z + 55. What are the prime factors of h(o)?
5, 73
Suppose -5*p = -o + 3, p - 4*o + 12 = -p. Let m = -3120 + 3204. Suppose 0 = -x - p + m. What are the prime factors of x?
2, 3, 7
Let r = -5851 - -18685. What are the prime factors of r?
2, 3, 23, 31
Let y = 98 - 88. Suppose 0 = -y*o + 5*o + 335. List the prime factors of o.
67
Suppose 3352123 = 254*y - 42*y - 2399437. List the prime factors of y.
2, 5, 2713
Suppose 461 = -3*p + 1274. Let f = -218 + p. List the prime factors of f.
53
Suppose 6*j - s = 11*j - 51288, 3*s + 51276 = 5*j. List the prime factors of j.
3, 13, 263
Let f(s) = 414*s - 1468. List the prime factors of f(15).
2, 2371
Let i be 9*-12*964/(-12). What are the prime factors of 8/3*i/48?
2, 241
Suppose -23*n = 895 + 6649. Let a = -41 - n. What are the prime factors of a?
7, 41
Let o be 18/(-30) + -3 + 489/15. Suppose o*i + 16*i - 34560 = 0. What are the prime factors of i?
2, 3
Let j(d) = d**3 + 8*d**2 + 14*d + 6. Let q be j(-6). Let p be q/(-4)*8/(-3). List the prime factors of ((-96)/p)/3 + 1.
3
What are the prime factors of (116139/6 + 2)/((-6)/(-12))?
7, 5531
Suppose 25196 = 10*w - 6*w - 2*b, -18912 = -3*w + 4*b. List the prime factors of w.
2, 787
Suppose -3*k = -3*h + 933, -3*h + 4*k - 80 = -1014. List the prime factors of h.
2, 5, 31
Suppose 0 = -2*h - 2*v + 36, 5*v = 3*h + 8 - 30. Suppose -h*k + 6328 = -2184. List the prime factors of k.
2, 19
Suppose 0 = -4*z + 3*n + 190, 5*n + 134 = 2*z + 46. Let f = 98 - z. Let i = 160 - f. What are the prime factors of i?
3, 37
Let c(i) = 15*i - 107. Let z be c(7). List the prime factors of -6 - (1455/(-3) + z).
13, 37
Let f = -50 - -50. Let s be (-6999)/(-9) - 4/6. Suppose 0*r - 7*r + s = f. What are the prime factors of r?
3, 37
Suppose 5*j - 64 = -f, 3*f + 12 + 24 = 4*j. Let t = j + -9. Suppose 84 = 3*n + t*a, -2*n + 7 = 3*